= -2*u, h*f + u = -f - 7. List the prime factors of 217/28 + f/(-4).
2
Let b = 568 - -16295. List the prime factors of b.
3, 7, 11, 73
Suppose 3*x - 128107 + 22513 = -2*f, -3*f = 2*x - 70386. List the prime factors of x.
2, 3, 5867
Let p = -26375 - -62718. What are the prime factors of p?
36343
Let w be 2394/(-418) + (-6)/22. What are the prime factors of -1*1/(w/11652)?
2, 971
Let x be (-2)/10 + 291624/120. Suppose -3*r - x = -7*g + 5*g, 3*g = r + 3645. List the prime factors of g.
3, 5
Let d(f) be the second derivative of -463*f**5/20 - f**4/4 - f**3/2 - 6*f. What are the prime factors of d(-1)?
463
Let n(a) = -a**2 + 15*a - 14. Let g be n(14). Suppose g = -4*u - 4 - 4. What are the prime factors of (4/3)/(u/(-102))?
2, 17
Let k = 144 - 83. Suppose -55*q - 4896 = -k*q. What are the prime factors of q?
2, 3, 17
Let c be (-1)/(-3) + (-140950)/30. What are the prime factors of c/145*45/(-2)?
3
Let u(r) = 3*r**3 + 2*r**2 + 6*r - 8. Let p(i) = i**2 + 30*i + 34. Let w be p(-29). List the prime factors of u(w).
3, 149
Let b = -98 + 93. What are the prime factors of b + (-6 - -344) + 4/(-2)?
331
Let t be (1*(-3)/(-2))/(3/6). Suppose t*j = -4*y + 25, 10 + 4 = -2*j + 5*y. Suppose -k + 360 = 4*k + n, 2*k = j*n + 144. What are the prime factors of k?
2, 3
Let j = -1504 - -9961. What are the prime factors of j?
3, 2819
Suppose 54446 = 2*s - 2*y, 5*s + 47*y - 136113 = 51*y. List the prime factors of s.
163, 167
Let p(u) = -1. Let w = -43 + 44. Let a(b) = -14*b - 17. Let z(h) = w*a(h) - 2*p(h). List the prime factors of z(-3).
3
Suppose 3*j = -h + 461 + 30, 4*h - 1924 = -4*j. Let u = -327 + h. List the prime factors of u.
149
Suppose i - 6 = -7*o + 4*o, -o + 2 = -2*i. Suppose i = 5*y + 3 + 7, -5*x = -4*y - 218. Suppose -12 = -3*z + x. What are the prime factors of z?
2, 3
Suppose -l + 5*l = 20. Suppose -2*n + 3*k = 27, 2*k = l*n - 13 + 86. List the prime factors of (-9 - n)*17/2.
3, 17
Let r be (-6 + 0 + 2)/(0 - -1). Let f(z) = -3*z - 16. Let w(t) = -2*t - 15. Let p(a) = r*f(a) + 5*w(a). List the prime factors of p(7).
3
Suppose -5*i + 103 + 17 = 0. Suppose -7*k = -i + 94. Let d = 82 + k. List the prime factors of d.
2, 3
Suppose -26 = -4*n + 2*a, 15*n - 18*n + a = -17. Suppose j = n*g - 5*g + 12, j - 3*g = 28. What are the prime factors of j?
2
Suppose -9 - 5 = -7*b. Suppose d - b*d - 5*z + 431 = 0, -856 = -2*d - 4*z. What are the prime factors of d?
2, 3, 71
Let v(x) = 56*x**2 - 7*x - 10. Let c be v(-2). Let o = c + -98. What are the prime factors of o?
2, 5, 13
Let c(x) = x**3 + 55*x**2 + 23*x - 361. What are the prime factors of c(-48)?
11, 31, 43
List the prime factors of (19902/8)/((-370)/(-2960)).
2, 3, 31, 107
Suppose -845725 - 8448861 = -326*n. List the prime factors of n.
7, 4073
Let p = -108 + 111. Let i(v) = 4 + 5*v**2 + p - 24*v**3 + 23*v**3. List the prime factors of i(-3).
79
Let d(n) = -9242*n - 8570. List the prime factors of d(-6).
2, 11, 2131
Let h = -143 - -142. What are the prime factors of 2 + 722 + -2 + h?
7, 103
Let u(w) = 4*w - 41. Let o be u(11). Suppose r - 272 = -o*v, -2*v + 4*r + 52 = -106. List the prime factors of v.
89
Let d(g) be the first derivative of 3*g**2 + 63*g - 43. List the prime factors of d(16).
3, 53
Let i = -771 + 1086. Suppose 3*a = 5*m + 801, i = 3*m - 5*m + 3*a. Let r = -49 - m. What are the prime factors of r?
113
What are the prime factors of 18856638/1169 + 12/(-21)?
2, 5, 1613
Suppose 5*o + 23 = 4*b, -o + 0 = 2*b - 1. Suppose 4*j = b*p + 11 + 541, -4*p = -8. Let c = j - 130. List the prime factors of c.
3
Let p(j) = 9*j**2 + 100*j + 2064. What are the prime factors of p(-22)?
2, 5, 211
List the prime factors of (4/(-6))/(9/(-5832)).
2, 3
List the prime factors of 589360/159*(-126)/(-15).
2, 7, 139
What are the prime factors of -12 - ((-16 - -3) + -24571)?
2, 6143
Suppose -55*n + 57*n = -2. Let w be (n + 2/1)/((-11)/55). Let f = w - -140. List the prime factors of f.
3, 5
What are the prime factors of (8 - 205/(-10))*114?
3, 19
Let h(o) be the third derivative of -3*o**4/8 + 16*o**3/3 - 105*o**2. What are the prime factors of h(1)?
23
Let l(s) = s**3 + 19*s**2 - 51*s + 42. Let i be l(-22). Let v = 10 - i. Let g = -198 + v. List the prime factors of g.
2, 5
Let k(x) = -x**2 - x + 30. Let y be k(-6). Let p = 14 - y. Suppose -p*l + 9*l + 910 = 0. What are the prime factors of l?
2, 7, 13
Suppose o = 8*i - 4*i + 9929, 2*o + 5*i - 19832 = 0. What are the prime factors of o?
3, 3307
Let k(a) = 50*a + 2. Let w(c) = -1 - 1 + 17*c - 118*c - 2. Let h(m) = -7*k(m) - 4*w(m). List the prime factors of h(2).
2, 5, 11
Suppose -83*w + 79*w = -24224. What are the prime factors of w?
2, 757
Let n = 470 + -233. Suppose 0*z + 4*z = -3*q - 609, 3*z + 2*q = -458. Let b = z + n. What are the prime factors of b?
3
Let c(q) = -4*q + 44. Let o be c(10). Suppose -7*z - o*b = -10*z + 947, -3*b = -12. List the prime factors of z.
3, 107
Suppose o = 0, -6 = 2*s - 3*o + 8*o. Let l(u) = -3*u**3 + u**2 + 13*u + 6. What are the prime factors of l(s)?
3, 19
Suppose 0 = 3*j - 15, 3*c + 950 - 127 = 2*j. Let r = c - -702. List the prime factors of r.
431
Suppose 2*a - 2*r = 48770, a = 19*r - 14*r + 24393. List the prime factors of a.
37, 659
Let n(p) = p**3 + 5*p**2 - 9*p - 10. Let d be (-2)/7 - 160/28. Let l be n(d). List the prime factors of l/(1 + 2 + (-6)/3).
2
Let i = 8280 - 4331. What are the prime factors of i?
11, 359
Let z(t) = 13*t - 17. Let b be z(13). Suppose -2*w - 230 = 5*u, 0*w - 2*w - 134 = 3*u. Let m = u + b. List the prime factors of m.
2, 13
Let z = 132 - 84. Suppose 5148 = z*c - 35*c. List the prime factors of c.
2, 3, 11
Let n(k) = k**2 + 9*k - 20. Let f be n(-15). Suppose -7*x + 5*x = f. Let p = 113 + x. What are the prime factors of p?
2, 3, 13
Suppose 453559 - 233179 + 474916 = 64*x. List the prime factors of x.
2, 7, 97
Suppose -5*j + 9*j + 16 = 0. Let d be j/(-26) + (-76)/(-13). What are the prime factors of ((-210)/9)/((-2)/d)?
2, 5, 7
Suppose x = 9*x - 96. Suppose 4*r = x*r - 1832. Let f = r - 94. What are the prime factors of f?
3, 5
Let q(l) = 21*l - 11. Let i(x) = x. Let a(y) = -3*i(y) + q(y). List the prime factors of a(4).
61
Let x be (-4)/5*(-9 - 52/(-8)). Suppose -x*j = -2*u - 4*j + 1416, -1431 = -2*u + 3*j. What are the prime factors of u?
3, 79
Suppose -13*s - 27 = -12*s. What are the prime factors of -2 + 3 + s*(-84)/18?
127
Suppose -271304 + 9800 = -42*a - 7320. List the prime factors of a.
2, 17, 89
Let f be (-39)/(-130) - 4/(40/3). Suppose f = -2624*j + 2627*j - 2751. List the prime factors of j.
7, 131
Let x(j) = j - 2 - 12 + 5. Let w be x(-17). Let v = -13 - w. What are the prime factors of v?
13
Let w(d) = 67*d**3 + 9*d**2 - 139*d + 8. What are the prime factors of w(8)?
2, 2111
Suppose -10*k + 36873 + 94527 = 0. Suppose 6*p - k = -12*p. What are the prime factors of p?
2, 5, 73
Suppose -175 = 9*u - 337. Suppose 5513 + 7447 = u*d. What are the prime factors of d?
2, 3, 5
Let q = 19560 - -10687. What are the prime factors of q?
7, 29, 149
What are the prime factors of (5 + -6)*201*(-658)/21?
2, 47, 67
Let s be 15187/(-7) + 144/(-336). Let t = 3315 + s. What are the prime factors of t?
5, 229
Let t = -78 + 71. List the prime factors of t/21 + -1 + (-932)/(-6).
2, 7, 11
Suppose 4*z - 14*z = 42*z - 750100. List the prime factors of z.
5, 577
Let m(f) = f - 6. Suppose 10 = 5*t, -2*z = 2*z + 2*t - 24. Let s be m(z). Let g(c) = -235*c + 6. What are the prime factors of g(s)?
241
Let u(x) = 1067*x**2 - 214*x - 1268. List the prime factors of u(-6).
2, 13, 739
Let f = 69865 + -41311. What are the prime factors of f?
2, 3, 4759
Suppose 9600 = 7*f + 1060. Suppose 2812 = 9*s - f. List the prime factors of s.
2, 7
Let t be (-13054)/(-14) + 14 + (-1414)/98. Let y = t + 527. List the prime factors of y.
1459
Let k be ((-72)/(-28))/(9/(-3486)). Let m = k + 1727. What are the prime factors of m?
17, 43
Suppose 4*h - p - 4*p = -28, -2*p = 2*h - 4. List the prime factors of (-6)/h + (280 - -27).
2, 5, 31
Let f(l) = -l**3 + 39*l**2 + 60*l + 42. Let d(q) = 9*q + 175. Let s be d(-15). List the prime factors of f(s).
2, 421
Let g = 44527 - 11953. What are the prime factors of g?
2, 3, 61, 89
Let j(h) = -3*h + 36. Let z(y) = 2*y. Let d be z(5). Suppose d = -i - 8. List the prime factors of j(i).
2, 3, 5
Let g = 43 - 43